{"id":30,"date":"2021-04-26T16:00:35","date_gmt":"2021-04-26T14:00:35","guid":{"rendered":"http:\/\/partnerschaft-am-friedhof.de\/wordpress\/?page_id=30"},"modified":"2021-06-28T13:03:08","modified_gmt":"2021-06-28T11:03:08","slug":"partnerschaft-am-friedhof-e-v","status":"publish","type":"page","link":"http:\/\/partnerschaft-am-friedhof.de\/wordpress\/","title":{"rendered":"Partnerschaft am Friedhof e.V."},"content":{"rendered":"\n<div class=\"wp-block-group\"><div class=\"wp-block-group__inner-container\">\n<p>Die Partnerschaft am Friedhof e.V. ist die Interessenvertretung der am Friedhof t\u00e4tigen Unternehmen (Bestattern, Friedhofsg\u00e4rtnern, Grabsteinmetzen).<br>Gegr\u00fcndet wurde die Partnerschaft am Friedhof e.V. am 1. Juni 2002. Sie ist auf keinen wirtschaftlichen Gesch\u00e4ftsbetrieb gerichtet. Wir sind eine Fachgemeinschaft neben den \u00fcberregionalen berufsst\u00e4ndigen Organisationen (Innungen, Landesverb\u00e4nden, Genossenschaften) und somit ein Ansprechpartner f\u00fcr alle Friedhofs- und Bestattungsfragen.<\/p>\n\n\n\n<p><br>Die Partnerschaft am Friedhof e.V. vertritt die angeschlossenen Berufsgruppen in der \u00f6rtlichen \u00d6ffentlichkeitsarbeit. <\/p>\n\n\n\n<p>Sinn und Zweck dieser Partnerschaft ist die Wahrung und F\u00f6rderung der saarl\u00e4ndischen Friedhofs- und Bestattungskultur.<br>Der heute vermehrt zu beobachtenden Tabuisierung des Todes, die sich in einer Zunahme der &#8222;Entsorgungsmentalit\u00e4t&#8220; und wachsender Kulturlosigkeit bemerkbar macht, begegnen wir durch Aufkl\u00e4rung und pers\u00f6nliches Engagement. <\/p>\n\n\n\n<p>Als kompetente Partner in allen Bestattungsfragen stehen wir interessierten Personen mit Rat und Tat zur Verf\u00fcgung. In zahlreichen Seminaren und Vortragsreihen informieren wir \u00fcber die Themen Bestattungsvorsorge zu Lebzeiten, Absicherung der Bestattungskosten durch Treuhandkonten, Grabmalberatung, Anlage und Auswahl von Grabstellen sowie \u00fcber die Kosten einer Bestattung.<\/p>\n\n\n\n<p><br>Anl\u00e4sslich des &#8222;Tages des Friedhofes&#8220; am 15. September 2002, der unter dem Motto &#8222;Bestattungskultur im Wandel der Zeit&#8220; auf dem Hauptfriedhof Saarbr\u00fccken stattfand, wurde ein Totgeburtengrabfeld eingeweiht und an den Friedhofs- und Bestattungsbetrieb der Landeshauptstadt Saarbr\u00fccken (FBS) \u00fcbergeben.<br>Die Kosten f\u00fcr das Grabdenkmal, eine durch die Firma Fr. G\u00f6llner k\u00fcnstlerisch gestaltete Grabstelle, die Gehweganlage sowie die Grabbepflanzung und die weiter anfallenden Pflegekosten wurden von den Firmen Grabmale Fr. G\u00f6llner, Saarbr\u00fccker Friedhofsg\u00e4rtnerei G. Kluge, Grabpflege Schiffler &amp; Didi\u00e9 und dem Bestattungsunternehmen Hubert Laubach zu gleichen Teilen \u00fcbernommen.<\/p>\n\n\n\n<p><br>Ein weiteres Hauptanliegen ist uns, die Bestattung von Kindern bis 5 Jahren kostenfrei durchzuf\u00fchren. Hierzu haben wir im Raum Saarbr\u00fccken, V\u00f6lklingen und Spiesen-Elversberg Partner gefunden, die f\u00fcr die Kosten eines Sarges, der \u00dcberf\u00fchrung zum Friedhof, der Erstanlage des Grabes sowie eines einfachen Grabsteines aufkommen.<br>Gespr\u00e4che mit den Friedhofsverwaltungen zur kostenfreien Abgabe eines Kindergrabes sind aufgenommen worden.<br>F\u00fcr diese Projekte sind wir nat\u00fcrlich auch auf Spendengelder angewiesen.<\/p>\n\n\n\n<h3>Unser Spendenkonto:<\/h3>\n\n\n\n<h3>Sparkasse Saarbr\u00fccken<\/h3>\n\n\n\n<p>DE73 5905 0101 0067 1144 62<\/p>\n\n\n\n<p>Seit Juni 2006 ist unser Verein als gemeinn\u00fctzige K\u00f6rperschaft anerkannt.<\/p>\n\n\n\n<p>Hier finden Sie unsere Satzung zum Download:<\/p>\n\n\n\n<div class=\"wp-block-file\"><a href=\"http:\/\/partnerschaft-am-friedhof.de\/wordpress\/wp-content\/uploads\/2021\/04\/satzung.pdf\">Vereinssatzung [PDF]<\/a><a href=\"http:\/\/partnerschaft-am-friedhof.de\/wordpress\/wp-content\/uploads\/2021\/04\/satzung.pdf\" class=\"wp-block-file__button\" download>Herunterladen<\/a><\/div>\n<\/div><\/div>\n","protected":false},"excerpt":{"rendered":"<p>Die Partnerschaft am Friedhof e.V. ist die Interessenvertretung der am Friedhof t\u00e4tigen Unternehmen (Bestattern, Friedhofsg\u00e4rtnern, Grabsteinmetzen).Gegr\u00fcndet wurde die Partnerschaft am Friedhof e.V. am 1. Juni 2002. Sie ist auf keinen wirtschaftlichen Gesch\u00e4ftsbetrieb gerichtet. Wir sind eine Fachgemeinschaft neben den \u00fcberregionalen berufsst\u00e4ndigen Organisationen (Innungen, Landesverb\u00e4nden, Genossenschaften) und somit ein Ansprechpartner f\u00fcr alle Friedhofs- und Bestattungsfragen. Die &hellip; <\/p>\n<p class=\"link-more\"><a href=\"http:\/\/partnerschaft-am-friedhof.de\/wordpress\/\" class=\"more-link\"><span class=\"screen-reader-text\">\u201ePartnerschaft am Friedhof e.V.\u201c<\/span> weiterlesen<\/a><\/p>\n","protected":false},"author":1,"featured_media":0,"parent":0,"menu_order":0,"comment_status":"closed","ping_status":"closed","template":"","meta":[],"_links":{"self":[{"href":"http:\/\/partnerschaft-am-friedhof.de\/wordpress\/wp-json\/wp\/v2\/pages\/30"}],"collection":[{"href":"http:\/\/partnerschaft-am-friedhof.de\/wordpress\/wp-json\/wp\/v2\/pages"}],"about":[{"href":"http:\/\/partnerschaft-am-friedhof.de\/wordpress\/wp-json\/wp\/v2\/types\/page"}],"author":[{"embeddable":true,"href":"http:\/\/partnerschaft-am-friedhof.de\/wordpress\/wp-json\/wp\/v2\/users\/1"}],"replies":[{"embeddable":true,"href":"http:\/\/partnerschaft-am-friedhof.de\/wordpress\/wp-json\/wp\/v2\/comments?post=30"}],"version-history":[{"count":4,"href":"http:\/\/partnerschaft-am-friedhof.de\/wordpress\/wp-json\/wp\/v2\/pages\/30\/revisions"}],"predecessor-version":[{"id":172,"href":"http:\/\/partnerschaft-am-friedhof.de\/wordpress\/wp-json\/wp\/v2\/pages\/30\/revisions\/172"}],"wp:attachment":[{"href":"http:\/\/partnerschaft-am-friedhof.de\/wordpress\/wp-json\/wp\/v2\/media?parent=30"}],"curies":[{"name":"wp","href":"https:\/\/api.w.org\/{rel}","templated":true}]}}

<div class="wp-block-group"><div class="wp-block-group__inner-container">
<p>Die Partnerschaft am Friedhof e.V. ist die Interessenvertretung der am Friedhof tätigen Unternehmen (Bestattern, Friedhofsgärtnern, Grabsteinmetzen).<br>Gegründet wurde die Partnerschaft am Friedhof e.V. am 1. Juni 2002. Sie ist auf keinen wirtschaftlichen Geschäftsbetrieb gerichtet. Wir sind eine Fachgemeinschaft neben den überregionalen berufsständigen Organisationen (Innungen, Landesverbänden, Genossenschaften) und somit ein Ansprechpartner für alle Friedhofs- und Bestattungsfragen.</p>



<p><br>Die Partnerschaft am Friedhof e.V. vertritt die angeschlossenen Berufsgruppen in der örtlichen Öffentlichkeitsarbeit. </p>



<p>Sinn und Zweck dieser Partnerschaft ist die Wahrung und Förderung der saarländischen Friedhofs- und Bestattungskultur.<br>Der heute vermehrt zu beobachtenden Tabuisierung des Todes, die sich in einer Zunahme der &#8222;Entsorgungsmentalität&#8220; und wachsender Kulturlosigkeit bemerkbar macht, begegnen wir durch Aufklärung und persönliches Engagement. </p>



<p>Als kompetente Partner in allen Bestattungsfragen stehen wir interessierten Personen mit Rat und Tat zur Verfügung. In zahlreichen Seminaren und Vortragsreihen informieren wir über die Themen Bestattungsvorsorge zu Lebzeiten, Absicherung der Bestattungskosten durch Treuhandkonten, Grabmalberatung, Anlage und Auswahl von Grabstellen sowie über die Kosten einer Bestattung.</p>



<p><br>Anlässlich des &#8222;Tages des Friedhofes&#8220; am 15. September 2002, der unter dem Motto &#8222;Bestattungskultur im Wandel der Zeit&#8220; auf dem Hauptfriedhof Saarbrücken stattfand, wurde ein Totgeburtengrabfeld eingeweiht und an den Friedhofs- und Bestattungsbetrieb der Landeshauptstadt Saarbrücken (FBS) übergeben.<br>Die Kosten für das Grabdenkmal, eine durch die Firma Fr. Göllner künstlerisch gestaltete Grabstelle, die Gehweganlage sowie die Grabbepflanzung und die weiter anfallenden Pflegekosten wurden von den Firmen Grabmale Fr. Göllner, Saarbrücker Friedhofsgärtnerei G. Kluge, Grabpflege Schiffler &amp; Didié und dem Bestattungsunternehmen Hubert Laubach zu gleichen Teilen übernommen.</p>



<p><br>Ein weiteres Hauptanliegen ist uns, die Bestattung von Kindern bis 5 Jahren kostenfrei durchzuführen. Hierzu haben wir im Raum Saarbrücken, Völklingen und Spiesen-Elversberg Partner gefunden, die für die Kosten eines Sarges, der Überführung zum Friedhof, der Erstanlage des Grabes sowie eines einfachen Grabsteines aufkommen.<br>Gespräche mit den Friedhofsverwaltungen zur kostenfreien Abgabe eines Kindergrabes sind aufgenommen worden.<br>Für diese Projekte sind wir natürlich auch auf Spendengelder angewiesen.</p>



<h3>Unser Spendenkonto:</h3>



<h3>Sparkasse Saarbrücken</h3>



<p>DE73 5905 0101 0067 1144 62</p>



<p>Seit Juni 2006 ist unser Verein als gemeinnützige Körperschaft anerkannt.</p>



<p>Hier finden Sie unsere Satzung zum Download:</p>



<div class="wp-block-file"><a href="http://partnerschaft-am-friedhof.de/wordpress/wp-content/uploads/2021/04/satzung.pdf">Vereinssatzung [PDF]</a><a href="http://partnerschaft-am-friedhof.de/wordpress/wp-content/uploads/2021/04/satzung.pdf" class="wp-block-file__button" download>Herunterladen</a></div>
</div></div>

<p>Die Partnerschaft am Friedhof e.V. ist die Interessenvertretung der am Friedhof tätigen Unternehmen (Bestattern, Friedhofsgärtnern, Grabsteinmetzen).Gegründet wurde die Partnerschaft am Friedhof e.V. am 1. Juni 2002. Sie ist auf keinen wirtschaftlichen Geschäftsbetrieb gerichtet. Wir sind eine Fachgemeinschaft neben den überregionalen berufsständigen Organisationen (Innungen, Landesverbänden, Genossenschaften) und somit ein Ansprechpartner für alle Friedhofs- und Bestattungsfragen. Die &hellip; </p>
<p class="link-more"><a href="http://partnerschaft-am-friedhof.de/wordpress/" class="more-link"><span class="screen-reader-text">„Partnerschaft am Friedhof e.V.“</span> weiterlesen</a></p>
